8?
49
What is the highest common factor of 34882275 and 75?
75
Calculate the greatest common divisor of 45 and 540719175.
15
What is the greatest common factor of 51804 and 10908?
36
Calculate the highest common factor of 148998 and 3078.
114
What is the highest common factor of 25248 and 10100778?
1578
What is the highest common factor of 1218 and 86135?
7
What is the greatest common divisor of 17625264 and 132?
12
What is the highest common factor of 108829 and 18319?
7
Calculate the greatest common divisor of 50726 and 894946.
26
What is the greatest common factor of 1424558 and 4?
2
What is the greatest common divisor of 284535 and 15?
15
What is the highest common factor of 152 and 24574220?
76
Calculate the greatest common factor of 33492 and 209325.
8373
What is the greatest common divisor of 143 and 51619139?
143
What is the greatest common divisor of 219711312 and 73?
73
What is the greatest common factor of 27619800 and 78?
78
Calculate the greatest common factor of 125 and 78653000.
125
What is the highest common factor of 161439695 and 74?
37
Calculate the greatest common factor of 19 and 81977400.
19
Calculate the greatest common factor of 1700 and 9964975.
425
Calculate the highest common factor of 15 and 55924560.
15
What is the highest common factor of 747816 and 10008?
24
Calculate the highest common divisor of 8584 and 238438.
58
Calculate the greatest common divisor of 1746857 and 488.
61
Calculate the highest common factor of 21398048 and 448.
224
What is the greatest common divisor of 17170462 and 43359?
149
What is the greatest common divisor of 10981086 and 66?
6
Calculate the highest common divisor of 435 and 1500170.
145
Calculate the greatest common factor of 42017876 and 20.
4
What is the greatest common divisor of 72 and 2285256?
24
What is the highest common divisor of 1200164 and 84?
28
What is the greatest common factor of 81872 and 201008?
272
Calculate the greatest common factor of 24300 and 1499580.
540
Calculate the highest common factor of 16 and 1999876.
4
Calculate the greatest common divisor of 1570015486 and 1482.
494
Calculate the greatest common factor of 90012416 and 8772.
2924
What is the greatest common factor of 974 and 251482417?
487
What is the greatest common factor of 1396 and 2220338?
698
Calculate the highest common factor of 20492 and 389050866.
10246
What is the highest common factor of 320 and 762926720?
320
What is the highest common divisor of 72 and 29075856?
24
What is the highest common divisor of 8340 and 1290615?
2085
What is the greatest common factor of 6014167 and 31210?
3121
What is the highest common factor of 643478070 and 606?
606
Calculate the highest common factor of 3081 and 304025891.
1027
Calculate the greatest common divisor of 668015785 and 5.
5
Calculate the highest common factor of 1355584 and 592.
16
Calculate the highest common factor of 775061870 and 1045.
1045
What is the greatest common divisor of 50879 and 599343?
83
What is the highest common factor of 227168 and 28300736?
7328
What is the greatest common factor of 261 and 37259847?
9
What is the highest common factor of 9540850 and 418?
418
Calculate the greatest common factor of 4 and 48142181.
1
Calculate the greatest common factor of 451 and 3068522.
41
Calculate the greatest common factor of 4985676 and 8892.
684
What is the highest common divisor of 6996704 and 5004?
556
Calculate the greatest common divisor of 160 and 75180680.
40
Calculate the greatest common factor of 198 and 16698594.
66
What is the highest common factor of 15409652 and 172?
172
What is the greatest common factor of 1206 and 6463356?
402
What is the greatest common divisor of 54 and 3365110?
2
What is the highest common divisor of 365726 and 9844?
214
Calculate the highest common divisor of 3621 and 3130839.
51
What is the highest common divisor of 1216 and 40239416?
152
What is the highest common divisor of 21580 and 21991680?
1660
Calculate the greatest common divisor of 971082 and 1533.
21
Calculate the greatest common divisor of 336560354 and 26.
26
What is the greatest common factor of 35275 and 1499893?
1411
Calculate the greatest common factor of 3382412 and 110.
22
Calculate the greatest common divisor of 17264176 and 32.
16
Calculate the greatest common divisor of 801521532 and 24.
12
Calculate the highest common factor of 236 and 4521878.
118
What is the highest common factor of 3574087 and 25553?
1111
Calculate the highest common divisor of 112 and 2192484392.
56
What is the highest common divisor of 26930383 and 1354?
677
What is the highest common factor of 1441774017 and 438?
219
What is the highest common divisor of 6788120 and 160?
40
What is the highest common factor of 245142516 and 8092?
1156
What is the highest common factor of 3642 and 26706?
6
What is the greatest common divisor of 809280 and 400?
80
Calculate the highest common divisor of 2736 and 1161774.
342
What is the highest common factor of 10169477 and 3?
1
What is the greatest common divisor of 5129 and 123671?
23
What is the highest common factor of 622 and 25605874?
622
What is the highest common divisor of 105545 and 16767025?
1045
Calculate the greatest common factor of 830342 and 50.
2
What is the greatest common factor of 216 and 388109016?
216
What is the greatest common divisor of 110029 and 195016?
19
Calculate the highest common factor of 18336 and 11385128.
1528
What is the highest common divisor of 84 and 74298882?
42
What is the greatest common divisor of 13421277 and 684?
171
Calculate the greatest common divisor of 2320 and 491144.
232
Calculate the highest common factor of 627105526 and 2812.
1406
What is the highest common divisor of 136269 and 79104?
309
What is the greatest common divisor of 240855310 and 23?
23
What is the greatest common factor of 37024 and 9631936?
2848
Calculate the highest common divisor of 47369553 and 693.
231
What is the highest common factor of 20740233 and 478592?
3739
Calculate the greatest common factor of 9416 and 66594232.
856
What is the highest common factor of 7493472 and 1617?
147
Calculate the greatest common divisor of 164779508 and 3596.
3596
What is the greatest common divisor of 152868415 and 197680?
12355
What is the highest common divisor of 6636 and 9301460?
2212
What is the greatest common divisor of 45230210 and 7940?
3970
Calculate the highest common factor of 1615 and 46205.
5
What is the highest common factor of 76322027 and 115?
23
Calculate the highest common divisor of 2501 and 163877.
41
What is the greatest common divisor of 2866612 and 15022?
518
What is the highest common factor of 124 and 560015?
31
Calculate the greatest common divisor of 18766619 and 1075.
43
What is the greatest common divisor of 350868 and 1113?
21
What is the greatest common divisor of 964089 and 33453?
189
Calculate the greatest common factor of 51826560 and 144.
48
What is the highest common divisor of 333 and 18212931?
9
Calculate the greatest common factor of 344001 and 18.
3
What is the greatest common divisor of 24700 and 1715?
5
Calculate the greatest common divisor of 5950 and 43477000.
350
Calculate the highest common factor of 3967380 and 5301.
279
Calculate the greatest common divisor of 516 and 5960703.
129
Calculate the greatest common factor of 404280 and 3201673.
1123
Calculate the greatest common divisor of 3020270 and 110.
110
Calculate the greatest common divisor of 80634 and 420258.
534
Calculate the greatest common divisor of 15026 and 1485.
11
Calculate the greatest common divisor of 4096 and 5503744.
256
What is the greatest common divisor of 9417628 and 5404?
772
What is the highest common factor of 5427 and 1049?
1
What is the highest common factor of 601 and 176579209?
601
Calculate the greatest common factor of 495 and 574750.
55
What is the greatest common factor of 3976 and 470904?
56
Calculate the greatest common divisor of 1759589 and 91.
13
Calculate the highest common factor of 24 and 2693880.
24
Calculate the greatest common divisor of 14116022 and 24056.
194
What is the greatest common factor of 4818 and 273594?
6
What is the greatest common factor of 1341 and 4170510?
1341
Calculate the greatest common factor of 430 and 3632210.
430
What is the highest common divisor o